mber?
True
Let g = 8 - 2. Is (3 - -355)/(-1)*(-9)/g composite?
True
Suppose -5946 = 39*k - 42*k. Is k prime?
False
Let y be (-15)/10 + (-8106)/(-4). Suppose -3389 = -5*j - 2*x, -j - y = -4*j + 3*x. Is j a composite number?
False
Suppose 33*l - 36352 = 55685. Is l a composite number?
False
Is (-5)/(25/(-722415))*3/9 a composite number?
True
Let j(a) = 8 - 22 - 9*a**2 + a**3 + 18*a - 17. Is j(15) prime?
False
Suppose 2*u + u - 4*t - 2502 = 0, -5*u - 4*t = -4138. Suppose -5*o = -u - 1665. Is o prime?
True
Let u = 6063 + -2912. Is u a composite number?
True
Suppose -9 = -2*j - j. Suppose 26 = -3*l - r, -2*l + j*r - 16 = 5*r. Let s(x) = x**3 + 8*x**2 - 11*x + 1. Is s(l) composite?
False
Let f(a) = -4711*a**3 - 23*a - 43. Is f(-2) a composite number?
False
Suppose -6 = -5*i - 0*i + 2*r, -4*r - 12 = 2*i. Suppose y - 4*y + 2*d + 335 = i, 5*y = -3*d + 571. Is y prime?
True
Let f(u) = 122*u**2 + u + 3. Let l(h) = h**3 + 11*h**2 + 8*h - 18. Let x be l(-10). Is f(x) prime?
False
Is 139091 + (3 - 21/(-14)*-2) prime?
True
Suppose -3*i - 6*c = -8*c - 623, 0 = 5*i - 5*c - 1030. Is i composite?
False
Suppose -5*k + 5*n + 125 = 0, 20*n - 98 = -5*k + 16*n. Is k a composite number?
True
Let h = -4 - -22. Let c = 10 - h. Is 2*-22*34/c a composite number?
True
Let c be (-8)/44 - 7*15/(-33). Suppose y - 2*y - 2*n + 3853 = 0, 0 = -c*y + 4*n + 11529. Is y a prime number?
True
Suppose 3164 = -4*r + 2*a, 0 = 4*r - 0*r + 5*a + 3136. Suppose 3*n = -8*n + 22. Is 2/(n - (-1572)/r) a composite number?
False
Let u = 4505 - 2608. Suppose u + 6464 = 9*m. Is m prime?
True
Suppose -7*z = -8*z + 26. Suppose -z = s - 103. Is s composite?
True
Let v = 8733 - 3880. Is v a prime number?
False
Let j(s) = -56*s**2 - 4*s - 8. Let d(h) = -55*h**2 - 5*h - 9. Let b(v) = 3*d(v) - 4*j(v). Let c be b(-5). Suppose -9*q + c = -4*q. Is q a composite number?
True
Let r = 10 + -10. Let j be r + (-5 - -3) + 115. Is j + -2 + 4 + -2 a prime number?
True
Let t(k) = -k**2 + 7*k - 6. Let w be t(6). Suppose n - 1 - 1 = w. Suppose 0 = -n*i - i + 213. Is i prime?
True
Let u = 10 - 15. Is 303/(-5)*u/1 a prime number?
False
Let g(z) = -z**2 + 21*z + 35. Is g(16) a prime number?
False
Suppose -8*j + 4*j + 8 = 0. Is j + 2520/4 + -1 a composite number?
False
Let d(m) = 195*m**2 - 2*m - 12. Let p be d(-4). Suppose 7*o - p = 2057. Is o a prime number?
True
Let c be 1 + (-7)/(7/(-498)). Suppose 142 = j - c. Is j composite?
False
Let b(c) = -11*c**2 + c + 16. Let p be b(12). Is (p/(-14))/((-5)/(-35)) a prime number?
False
Suppose 10*s = -2*s + 6768. Let l = -313 + s. Is l prime?
True
Let t(u) = 120*u - 325. Is t(14) a prime number?
False
Suppose 0 = -0*n - n + 4, 3*h + 4*n = 1639. Let q = h - -94. Suppose -q = -2*d + 335. Is d a composite number?
True
Suppose -48889 = -4*r + 3*d, 2*r + 4*d = 7416 + 17056. Is r a prime number?
False
Let t be 6*(3/(-2))/(-3). Suppose -2*u = n - 3*n - 60, -5*u - t*n + 190 = 0. Is u a composite number?
True
Suppose -7*o = -2*o - 1865. Let n = o + -150. Is n a prime number?
True
Is -4 + (-856)/(-2 - -1) - -1 a prime number?
True
Suppose 0 = 12*t - 19*t + 210. Let l = 505 + t. Is l a composite number?
True
Suppose -22213 = -9*n - 1810. Is n composite?
False
Suppose c - 15 = -8. Let g(d) = 2*d**3 + 3*d**2 + 4*d + 8. Is g(c) prime?
False
Suppose 15*d = 10*d + 3780. Let q = d + -337. Is q a composite number?
False
Let a(t) = t**3 + 11*t**2 - t + 8. Is a(-11) composite?
False
Suppose -15*i = -11*i - 5*x - 86964, 65223 = 3*i - 2*x. Is i a composite number?
True
Suppose -4*c - 94 + 702 = 0. Let x = c - 298. Is (x/(-4))/((-1)/(-22)) a composite number?
True
Let s = -18935 - -31374. Is s a composite number?
True
Suppose 7*o - 152424 = -29*o. Suppose -2*w = -0 - 8. Suppose -2*x = -10, -3*x - o = -w*b - x. Is b composite?
False
Suppose -2*i - m + 1001 = 2*m, -5*i + 2493 = -2*m. Suppose 3*a + 3*u = 5*a + 833, 0 = -4*u - 4. Let k = i - a. Is k prime?
False
Suppose 490 = 7*k - 2*k + t, -3*k + 5*t = -322. Let g be 22/k - 56/9. Let o(j) = -34*j + 5. Is o(g) composite?
True
Let k(z) = 782*z - 112. Is k(3) prime?
False
Let h = 59249 - 34558. Is h a composite number?
False
Let s(k) = -162*k - 1. Suppose 0 = -0*y + 3*y - 15. Suppose 12 = -y*c + c. Is s(c) a prime number?
False
Is (15463 - 72)*(2 + -1) a composite number?
False
Suppose 2*r + 4*n - 652 = 0, -392 = -r - n - 68. Suppose -f = -13 - r. Is f prime?
False
Let n = 11 - 8. Let p(x) = -4 + n + 1 + 149*x. Is p(1) a prime number?
True
Let t be 24/4*(-6)/9. Let n be (-1585)/t - (-1)/(-4). Suppose -k - 4*i = 3*k - 488, 3*k = 3*i + n. Is k composite?
False
Let a = 27 + -24. Let z be a/9*71*3. Suppose -p + 3*t + z = -t, -2*t + 162 = 2*p. Is p a composite number?
False
Is (577528/84)/((-4)/(-6)) a composite number?
False
Suppose 0 = 4*h - 8 - 0. Suppose -h*o + 6*o = 44. Is o a prime number?
True
Let a(w) = 111*w**2 + w - 3. Let s(o) = -o**2 - 11*o + 14. Let t be s(-12). Is a(t) a composite number?
False
Let r be ((-20)/(-6) + 8 + -12)*-12. Suppose r*y - 94 = 178. Is y composite?
True
Let z(m) = 35*m**2 + 13*m - 95. Is z(14) a composite number?
False
Suppose -3*s = 5*h - 18850, -5*s = -5*h + h + 15080. Let r = 5815 - h. Is r prime?
False
Let i(n) = n**2 - 11*n. Let b be i(9). Let v be 3*-606*4/b. Suppose 5*m + 5*z - 1020 = 0, -v = -2*m - z + 3*z. Is m composite?
True
Suppose 0 = 2*z - 6*z. Suppose -20 + z = 5*f. Let b(r) = -6*r**3 - 4*r**2 + 4*r - 5. Is b(f) a prime number?
False
Is ((-36)/(-48))/(9/382884) a composite number?
False
Let x(l) = l**2 - 2*l - 8. Let y be x(5). Let a(h) = -h**3 - 2*h**2 + 3*h - 7. Let w be a(y). Let b = -278 - w. Is b a prime number?
True
Suppose 0 = r - 3*i - 1864, 14*r - 4*i - 3730 = 12*r. Is (-30)/75 - r/(-5) prime?
True
Let j(r) = -r**3 + 10*r**2 - r + 12. Let s be j(10). Suppose -s*n + 2 = 32. Is 4012/5 + (-9)/n a prime number?
False
Suppose 2*w + 2*p - 1081 = 14477, 5*w - p - 38907 = 0. Is w a prime number?
False
Let g(d) = -13*d - 5 + 2 - 2 + 32*d**2 + 11*d**2. Is g(-5) a composite number?
True
Let k(t) = -652*t - 28. Let j be k(-22). Suppose 2*h - j = -10*h. Is h a prime number?
True
Let b = -5 + 7. Is 266/b + (-10)/5*1 prime?
True
Suppose 0 = 4*h + 3*t - 8716, 3*t - 4529 = 5*h - 15424. Is h a composite number?
False
Let d be (1 - -1) + -2 + -1513. Let n = d - -5200. Is (-4)/22 - n/(-11) a prime number?
False
Suppose -280*o = -265*o - 1075485. Is o a prime number?
True
Suppose -u + 60 = -4*u. Let y(k) = -7*k + 47. Is y(u) prime?
False
Suppose 2*k - 16 = -d, -2*k + 5*d = -5*k + 38. Let j(g) = 9 + 3*g**2 + 0*g**2 - k*g - 3*g. Is j(8) a composite number?
True
Suppose 4*a + 922 = 282. Let r = 417 + a. Is r a composite number?
False
Let n(o) = -o + 1304. Suppose 3*a - 5*u = -5, -5*a - 3*u + 3 = -0*a. Let x be n(a). Let m = -923 + x. Is m a prime number?
False
Suppose -5*z + 19791 + 51424 = 0. Is z a prime number?
True
Let s(q) = -q + 7. Suppose 0 = -0*p - p + 3*t + 10, 0 = -4*p - 3*t + 25. Let i be s(p). Suppose 4*d + 18 = o - 5, i = 2*d + 8. Is o a composite number?
False
Is (-51)/306 + (-69295)/(-6) composite?
False
Suppose -5*n + 58337 = -4*g, 11*n = 14*n + 2*g - 34989. Is n a composite number?
True
Suppose 7*c - 6*l - 287830 = -7*l, 0 = 3*c + 5*l - 123342. Is c composite?
True
Let q(d) = 1739*d**2 - 5*d - 7. Is q(-2) a prime number?
True
Let x = 15 - 12. Suppose -4*s + x*q + 103 = -47, 2*s = -4*q + 64. Is ((-2115)/s)/((-2)/8) a composite number?
True
Let t be (-4)/8*8 - -6. Suppose 0*i = 3*i + w + 441, -4*i = t*w + 588. Let l = i - -244. Is l prime?
True
Is ((0 - -2)/2)/((-76)/(-6026420)) composite?
True
Let b = -170 - -439. Is b a composite number?
False
Suppose 8*r + 15 = 11*r. Let b = 9 - r. Suppose b*q - q = 327. Is q composite?
False
Suppose -2*p = -3*a + 20 + 11, -3*p + 12 = 2*a. Is (-3)/a - ((-4426)/3 - 2) a composite number?
True
Let j(w) = 4*w**3 - 3*w**2 - 2*w + 4. Let x be j(3). Suppose 2*c + x - 9 = 0. Let r = 18 - c. Is r prime?
True
Let p = 332 + -595. Let a = 522 + p. Is a a composite number?
True
Is ((-1730310)/(-14))/3 + (-2)/(-14) prime?
False
Suppose 0 = 90*p - 55*p - 113785. Is p composite?
False
Suppose -4*y = -46 - 6. Let d be (-16)/(-6)*(y - 1). Let s = 111 + d. Is s prime?
False
Let v = 1580 + 83. Is v composite?
False
Suppose -4*p + 368 = t, 2*p - 3*t - 184 = -7*t. Suppose 0 = -5*s + 5 + 15. S